{"id":251,"date":"2022-12-16T11:40:32","date_gmt":"2022-12-16T11:40:32","guid":{"rendered":"https:\/\/my-bracelet.com\/2023\/?post_type=product&#038;p=251"},"modified":"2022-12-16T11:40:32","modified_gmt":"2022-12-16T11:40:32","slug":"pearl-91-white","status":"publish","type":"product","link":"https:\/\/my-bracelet.com\/2023\/product\/pearl-91-white\/","title":{"rendered":"PEARL 91 White"},"content":{"rendered":"<h4>My-bracelet by Loboda PEARL kolekcija je sestavljena iz skrbno izbranih sladkovodnih biserov razli\u010dnih dimenzij in barv. Biseri predstavljajo eleganco in ne\u017enost, zato je tudi celotna kolekcija posve\u010dena damam, ki stremijo k prefinjenosti. Zapestnice so primerne tudi za poroke in poro\u010dna darila.&nbsp;<\/h4>\n<p>My-bracelet by Loboda zapestnica PEARL 91 White je sestavljena iz dveh belih sladkovodnih biserov, pozicioniranih ob straneh sredinskega inserta, ki vsebuje gladko vdelano biserno matico. Zapestnica je iz srebra \u010distine 925\/1000. Velikost zapestnice je univerzalna (M).&nbsp;Vsaka zapestnica je li\u010dno pakirana v darilni My-bracelet by Loboda embala\u017ei s prilo\u017eenim certifikatom avtenti\u010dnosti. Kot darilo vam ob nakupu podarjamo mo\u0161nji\u010dek za shranjevanje nakita.<\/p>\n<ul>\n<li>&nbsp;zapestnica iz srebra \u010distine 925\/1000, rodinirana<\/li>\n<li>&nbsp;dva ovalna sladkovodna bisera bele barve, dimenzija bisera 7-8mm<\/li>\n<li>&nbsp;insert z gladko vdelano biserno matico<\/li>\n<li>&nbsp;univerzalna dol\u017eina (M)&nbsp;<\/li>\n<li>&nbsp;darilna embala\u017ea<\/li>\n<li>&nbsp;brezpla\u010dna po\u0161tnina po Sloveniji<\/li>\n<\/ul>\n","protected":false},"excerpt":{"rendered":"<p>My-bracelet by Loboda PEARL kolekcija je sestavljena iz skrbno izbranih sladkovodnih biserov razli\u010dnih dimenzij in barv. Biseri predstavljajo eleganco in ne\u017enost, zato je tudi celotna kolekcija posve\u010dena damam, ki stremijo k prefinjenosti. Zapestnice so primerne tudi za poroke in poro\u010dna darila.&nbsp; My-bracelet by Loboda zapestnica PEARL 91 White je sestavljena iz dveh belih sladkovodnih biserov, [&hellip;]<\/p>\n","protected":false},"featured_media":0,"template":"","meta":[],"product_cat":[41],"product_tag":[],"class_list":["post-251","product","type-product","status-publish","hentry","product_cat-pearl"],"yoast_head":"<!-- This site is optimized with the Yoast SEO plugin v20.2.1 - https:\/\/yoast.com\/wordpress\/plugins\/seo\/ -->\n<title>PEARL 91 White - My Bracelet<\/title>\n<meta name=\"robots\" content=\"index, follow, max-snippet:-1, max-image-preview:large, max-video-preview:-1\" \/>\n<link rel=\"canonical\" href=\"https:\/\/my-bracelet.com\/2023\/product\/pearl-91-white\/\" \/>\n<meta property=\"og:locale\" content=\"sl_SI\" \/>\n<meta property=\"og:type\" content=\"article\" \/>\n<meta property=\"og:title\" content=\"PEARL 91 White - My Bracelet\" \/>\n<meta property=\"og:description\" content=\"My-bracelet by Loboda PEARL kolekcija je sestavljena iz skrbno izbranih sladkovodnih biserov razli\u010dnih dimenzij in barv. Biseri predstavljajo eleganco in ne\u017enost, zato je tudi celotna kolekcija posve\u010dena damam, ki stremijo k prefinjenosti. Zapestnice so primerne tudi za poroke in poro\u010dna darila.&nbsp; My-bracelet by Loboda zapestnica PEARL 91 White je sestavljena iz dveh belih sladkovodnih biserov, [&hellip;]\" \/>\n<meta property=\"og:url\" content=\"https:\/\/my-bracelet.com\/2023\/product\/pearl-91-white\/\" \/>\n<meta property=\"og:site_name\" content=\"My Bracelet\" \/>\n<meta name=\"twitter:card\" content=\"summary_large_image\" \/>\n<meta name=\"twitter:label1\" content=\"Est. reading time\" \/>\n\t<meta name=\"twitter:data1\" content=\"1 minuta\" \/>\n<script type=\"application\/ld+json\" class=\"yoast-schema-graph\">{\"@context\":\"https:\/\/schema.org\",\"@graph\":[{\"@type\":\"WebPage\",\"@id\":\"https:\/\/my-bracelet.com\/2023\/product\/pearl-91-white\/\",\"url\":\"https:\/\/my-bracelet.com\/2023\/product\/pearl-91-white\/\",\"name\":\"PEARL 91 White - My Bracelet\",\"isPartOf\":{\"@id\":\"https:\/\/my-bracelet.com\/2023\/#website\"},\"datePublished\":\"2022-12-16T11:40:32+00:00\",\"dateModified\":\"2022-12-16T11:40:32+00:00\",\"breadcrumb\":{\"@id\":\"https:\/\/my-bracelet.com\/2023\/product\/pearl-91-white\/#breadcrumb\"},\"inLanguage\":\"sl-SI\",\"potentialAction\":[{\"@type\":\"ReadAction\",\"target\":[\"https:\/\/my-bracelet.com\/2023\/product\/pearl-91-white\/\"]}]},{\"@type\":\"BreadcrumbList\",\"@id\":\"https:\/\/my-bracelet.com\/2023\/product\/pearl-91-white\/#breadcrumb\",\"itemListElement\":[{\"@type\":\"ListItem\",\"position\":1,\"name\":\"Home\",\"item\":\"https:\/\/my-bracelet.com\/2023\/\"},{\"@type\":\"ListItem\",\"position\":2,\"name\":\"Shop\",\"item\":\"https:\/\/my-bracelet.com\/2023\/shop\/\"},{\"@type\":\"ListItem\",\"position\":3,\"name\":\"PEARL 91 White\"}]},{\"@type\":\"WebSite\",\"@id\":\"https:\/\/my-bracelet.com\/2023\/#website\",\"url\":\"https:\/\/my-bracelet.com\/2023\/\",\"name\":\"My Bracelet\",\"description\":\"Bracelets by Loboda\",\"potentialAction\":[{\"@type\":\"SearchAction\",\"target\":{\"@type\":\"EntryPoint\",\"urlTemplate\":\"https:\/\/my-bracelet.com\/2023\/?s={search_term_string}\"},\"query-input\":\"required name=search_term_string\"}],\"inLanguage\":\"sl-SI\"}]}<\/script>\n<!-- \/ Yoast SEO plugin. -->","yoast_head_json":{"title":"PEARL 91 White - My Bracelet","robots":{"index":"index","follow":"follow","max-snippet":"max-snippet:-1","max-image-preview":"max-image-preview:large","max-video-preview":"max-video-preview:-1"},"canonical":"https:\/\/my-bracelet.com\/2023\/product\/pearl-91-white\/","og_locale":"sl_SI","og_type":"article","og_title":"PEARL 91 White - My Bracelet","og_description":"My-bracelet by Loboda PEARL kolekcija je sestavljena iz skrbno izbranih sladkovodnih biserov razli\u010dnih dimenzij in barv. Biseri predstavljajo eleganco in ne\u017enost, zato je tudi celotna kolekcija posve\u010dena damam, ki stremijo k prefinjenosti. Zapestnice so primerne tudi za poroke in poro\u010dna darila.&nbsp; My-bracelet by Loboda zapestnica PEARL 91 White je sestavljena iz dveh belih sladkovodnih biserov, [&hellip;]","og_url":"https:\/\/my-bracelet.com\/2023\/product\/pearl-91-white\/","og_site_name":"My Bracelet","twitter_card":"summary_large_image","twitter_misc":{"Est. reading time":"1 minuta"},"schema":{"@context":"https:\/\/schema.org","@graph":[{"@type":"WebPage","@id":"https:\/\/my-bracelet.com\/2023\/product\/pearl-91-white\/","url":"https:\/\/my-bracelet.com\/2023\/product\/pearl-91-white\/","name":"PEARL 91 White - My Bracelet","isPartOf":{"@id":"https:\/\/my-bracelet.com\/2023\/#website"},"datePublished":"2022-12-16T11:40:32+00:00","dateModified":"2022-12-16T11:40:32+00:00","breadcrumb":{"@id":"https:\/\/my-bracelet.com\/2023\/product\/pearl-91-white\/#breadcrumb"},"inLanguage":"sl-SI","potentialAction":[{"@type":"ReadAction","target":["https:\/\/my-bracelet.com\/2023\/product\/pearl-91-white\/"]}]},{"@type":"BreadcrumbList","@id":"https:\/\/my-bracelet.com\/2023\/product\/pearl-91-white\/#breadcrumb","itemListElement":[{"@type":"ListItem","position":1,"name":"Home","item":"https:\/\/my-bracelet.com\/2023\/"},{"@type":"ListItem","position":2,"name":"Shop","item":"https:\/\/my-bracelet.com\/2023\/shop\/"},{"@type":"ListItem","position":3,"name":"PEARL 91 White"}]},{"@type":"WebSite","@id":"https:\/\/my-bracelet.com\/2023\/#website","url":"https:\/\/my-bracelet.com\/2023\/","name":"My Bracelet","description":"Bracelets by Loboda","potentialAction":[{"@type":"SearchAction","target":{"@type":"EntryPoint","urlTemplate":"https:\/\/my-bracelet.com\/2023\/?s={search_term_string}"},"query-input":"required name=search_term_string"}],"inLanguage":"sl-SI"}]}},"_links":{"self":[{"href":"https:\/\/my-bracelet.com\/2023\/wp-json\/wp\/v2\/product\/251","targetHints":{"allow":["GET"]}}],"collection":[{"href":"https:\/\/my-bracelet.com\/2023\/wp-json\/wp\/v2\/product"}],"about":[{"href":"https:\/\/my-bracelet.com\/2023\/wp-json\/wp\/v2\/types\/product"}],"wp:attachment":[{"href":"https:\/\/my-bracelet.com\/2023\/wp-json\/wp\/v2\/media?parent=251"}],"wp:term":[{"taxonomy":"product_cat","embeddable":true,"href":"https:\/\/my-bracelet.com\/2023\/wp-json\/wp\/v2\/product_cat?post=251"},{"taxonomy":"product_tag","embeddable":true,"href":"https:\/\/my-bracelet.com\/2023\/wp-json\/wp\/v2\/product_tag?post=251"}],"curies":[{"name":"wp","href":"https:\/\/api.w.org\/{rel}","templated":true}]}}