{"id":618,"date":"2022-12-16T11:42:38","date_gmt":"2022-12-16T11:42:38","guid":{"rendered":"https:\/\/my-bracelet.com\/2023\/?post_type=product&#038;p=618"},"modified":"2022-12-16T11:42:38","modified_gmt":"2022-12-16T11:42:38","slug":"cross-peerless-125-medalist-fp","status":"publish","type":"product","link":"https:\/\/my-bracelet.com\/2023\/product\/cross-peerless-125-medalist-fp\/","title":{"rendered":"CROSS PEERLESS 125 MEDALIST FP"},"content":{"rendered":"<h4 style=\"font-family: Roboto; color: #292929; font-size: 20px; text-transform: uppercase;\">BOGATA ZGODOVINA <strong>CROSS<\/strong> PISAL SE JE ZA\u010cELA LETA 1846, KO SE JE RICHARD CROSS ODPRAVIL V AMERIKO, DA BI REVOLUCIONIRAL IZDELAVO PISAL IN ZDRU\u017dIL NJIHOVO UPORABNOST Z ELEGANCO. USTANOVIL JE PODJETJE <strong>A.T.CROSS<\/strong>, KI SE \u017dE OD USTANOVITVE PONA\u0160A S KVALITETO, KREATIVNOSTJO IN ORIGINALNOSTJO.<\/h4>\n<h4><strong>CROSS<\/strong> KOLEKCIJE ZDRU\u017dUJEJO VRSTO KLASI\u010cNIH IN SODOBNIH OBLIK PISAL \u2013 OD LIMITIRANIH EDICIJ Z \u017dLAHTNIMI KOVINAMI IN VDELANIMI SWAROVSKI KRISTALI DO SODOBNIH VE\u010cNAMENSKIH PISAL, KI SLAVIJO FILMSKE IN KOMI\u010cNE LIKE.&nbsp;PROIZVODNJA \u017dE VE\u010c KOT 170 LET STRMI K POPOLNOSTI IN FUNKCIONALNOSTI.<\/h4>\n<h4 style=\"font-family: Roboto; color: #292929; font-size: 20px; text-transform: uppercase;\"><strong>CROSS<\/strong> PISALA SO ODLI\u010cNA IZBIRA ZA OBDAROVANJE, ODLIKUJE PA JIH TUDI DO\u017dIVLJENJSKA GARANCIJA NA VSE MEHANSKE DELE.&nbsp;<\/h4>\n<p><strong>PEERLESS<\/strong><\/p>\n<p>Kolekcija Peerless predstavlja vrhunec bogate zgodovine inovacij in izjemnih dose\u017ekov znamke Cross. Peerless pisala so zasnovana za prikaz celotne dedi\u0161\u010dine znamke Cross in so najimenitnej\u0161i instrument za pisanje, ki so ga kdajkoli ponudili na tr\u017ei\u0161\u010du. Peerless 125 v svoji obliki zdru\u017euje dva zelo pomembna dogodka iz zgodovine znamke \u2013 izdajo prvega Peerless pisala leta 1889 in predstavitev ikoni\u010dne Century linije pisal leta 1935. Z zdru\u017eitvijo elementov teh dveh klasi\u010dnih modelov je nastala kolekcija, ki pooseblja preprost, \u010dudovit oblikovalski jezik in pozornost do detajlov, zaradi katerih je znamka Cross postala legendarna.<\/p>\n<ul style=\"padding-top: 0px; padding-right: 0px; padding-bottom: 0px; color: #666666; font-family: 'Open Sans'; font-size: 14px;\">\n<li style=\"line-height: 24px;\">&nbsp;nalivno pero AT0706-2<\/li>\n<li>&nbsp;svetle\u010de gravirano telo pisala s 23kt pozlato<\/li>\n<li><span style=\"color: #666666; font-family: 'Open Sans'; font-size: 14px;\">ro\u010dno obdelana visokopolirana medium konica izdelana iz masivnega 18kt zlata<\/span><\/li>\n<li>&nbsp;vdelan&nbsp;<span style=\"color: #5f5e5f; font-family: proxima-nova; font-size: 16px; letter-spacing: 0.5px;\">Swarovski\u00ae&nbsp;<\/span>kristal na vrhnjem delu kapice pisala<\/li>\n<li>&nbsp;do\u017eivljenjska garancija na mehanske dele<\/li>\n<li style=\"line-height: 24px;\">&nbsp;luksuzna darilna embala\u017ea<\/li>\n<li style=\"line-height: 24px;\">&nbsp;brezpla\u010dna po\u0161tnina po Sloveniji<\/li>\n<\/ul>\n","protected":false},"excerpt":{"rendered":"<p>BOGATA ZGODOVINA CROSS PISAL SE JE ZA\u010cELA LETA 1846, KO SE JE RICHARD CROSS ODPRAVIL V AMERIKO, DA BI REVOLUCIONIRAL IZDELAVO PISAL IN ZDRU\u017dIL NJIHOVO UPORABNOST Z ELEGANCO. USTANOVIL JE PODJETJE A.T.CROSS, KI SE \u017dE OD USTANOVITVE PONA\u0160A S KVALITETO, KREATIVNOSTJO IN ORIGINALNOSTJO. CROSS KOLEKCIJE ZDRU\u017dUJEJO VRSTO KLASI\u010cNIH IN SODOBNIH OBLIK PISAL \u2013 OD LIMITIRANIH [&hellip;]<\/p>\n","protected":false},"featured_media":0,"template":"","meta":[],"product_cat":[21],"product_tag":[],"class_list":["post-618","product","type-product","status-publish","hentry","product_cat-pisala"],"yoast_head":"<!-- This site is optimized with the Yoast SEO plugin v20.2.1 - https:\/\/yoast.com\/wordpress\/plugins\/seo\/ -->\n<title>CROSS PEERLESS 125 MEDALIST FP - My Bracelet<\/title>\n<meta name=\"robots\" content=\"index, follow, max-snippet:-1, max-image-preview:large, max-video-preview:-1\" \/>\n<link rel=\"canonical\" href=\"https:\/\/my-bracelet.com\/2023\/product\/cross-peerless-125-medalist-fp\/\" \/>\n<meta property=\"og:locale\" content=\"sl_SI\" \/>\n<meta property=\"og:type\" content=\"article\" \/>\n<meta property=\"og:title\" content=\"CROSS PEERLESS 125 MEDALIST FP - My Bracelet\" \/>\n<meta property=\"og:description\" content=\"BOGATA ZGODOVINA CROSS PISAL SE JE ZA\u010cELA LETA 1846, KO SE JE RICHARD CROSS ODPRAVIL V AMERIKO, DA BI REVOLUCIONIRAL IZDELAVO PISAL IN ZDRU\u017dIL NJIHOVO UPORABNOST Z ELEGANCO. USTANOVIL JE PODJETJE A.T.CROSS, KI SE \u017dE OD USTANOVITVE PONA\u0160A S KVALITETO, KREATIVNOSTJO IN ORIGINALNOSTJO. CROSS KOLEKCIJE ZDRU\u017dUJEJO VRSTO KLASI\u010cNIH IN SODOBNIH OBLIK PISAL \u2013 OD LIMITIRANIH [&hellip;]\" \/>\n<meta property=\"og:url\" content=\"https:\/\/my-bracelet.com\/2023\/product\/cross-peerless-125-medalist-fp\/\" \/>\n<meta property=\"og:site_name\" content=\"My Bracelet\" \/>\n<meta name=\"twitter:card\" content=\"summary_large_image\" \/>\n<meta name=\"twitter:label1\" content=\"Est. reading time\" \/>\n\t<meta name=\"twitter:data1\" content=\"1 minuta\" \/>\n<script type=\"application\/ld+json\" class=\"yoast-schema-graph\">{\"@context\":\"https:\/\/schema.org\",\"@graph\":[{\"@type\":\"WebPage\",\"@id\":\"https:\/\/my-bracelet.com\/2023\/product\/cross-peerless-125-medalist-fp\/\",\"url\":\"https:\/\/my-bracelet.com\/2023\/product\/cross-peerless-125-medalist-fp\/\",\"name\":\"CROSS PEERLESS 125 MEDALIST FP - My Bracelet\",\"isPartOf\":{\"@id\":\"https:\/\/my-bracelet.com\/2023\/#website\"},\"datePublished\":\"2022-12-16T11:42:38+00:00\",\"dateModified\":\"2022-12-16T11:42:38+00:00\",\"breadcrumb\":{\"@id\":\"https:\/\/my-bracelet.com\/2023\/product\/cross-peerless-125-medalist-fp\/#breadcrumb\"},\"inLanguage\":\"sl-SI\",\"potentialAction\":[{\"@type\":\"ReadAction\",\"target\":[\"https:\/\/my-bracelet.com\/2023\/product\/cross-peerless-125-medalist-fp\/\"]}]},{\"@type\":\"BreadcrumbList\",\"@id\":\"https:\/\/my-bracelet.com\/2023\/product\/cross-peerless-125-medalist-fp\/#breadcrumb\",\"itemListElement\":[{\"@type\":\"ListItem\",\"position\":1,\"name\":\"Home\",\"item\":\"https:\/\/my-bracelet.com\/2023\/\"},{\"@type\":\"ListItem\",\"position\":2,\"name\":\"Shop\",\"item\":\"https:\/\/my-bracelet.com\/2023\/shop\/\"},{\"@type\":\"ListItem\",\"position\":3,\"name\":\"CROSS PEERLESS 125 MEDALIST FP\"}]},{\"@type\":\"WebSite\",\"@id\":\"https:\/\/my-bracelet.com\/2023\/#website\",\"url\":\"https:\/\/my-bracelet.com\/2023\/\",\"name\":\"My Bracelet\",\"description\":\"Bracelets by Loboda\",\"potentialAction\":[{\"@type\":\"SearchAction\",\"target\":{\"@type\":\"EntryPoint\",\"urlTemplate\":\"https:\/\/my-bracelet.com\/2023\/?s={search_term_string}\"},\"query-input\":\"required name=search_term_string\"}],\"inLanguage\":\"sl-SI\"}]}<\/script>\n<!-- \/ Yoast SEO plugin. -->","yoast_head_json":{"title":"CROSS PEERLESS 125 MEDALIST FP - My Bracelet","robots":{"index":"index","follow":"follow","max-snippet":"max-snippet:-1","max-image-preview":"max-image-preview:large","max-video-preview":"max-video-preview:-1"},"canonical":"https:\/\/my-bracelet.com\/2023\/product\/cross-peerless-125-medalist-fp\/","og_locale":"sl_SI","og_type":"article","og_title":"CROSS PEERLESS 125 MEDALIST FP - My Bracelet","og_description":"BOGATA ZGODOVINA CROSS PISAL SE JE ZA\u010cELA LETA 1846, KO SE JE RICHARD CROSS ODPRAVIL V AMERIKO, DA BI REVOLUCIONIRAL IZDELAVO PISAL IN ZDRU\u017dIL NJIHOVO UPORABNOST Z ELEGANCO. USTANOVIL JE PODJETJE A.T.CROSS, KI SE \u017dE OD USTANOVITVE PONA\u0160A S KVALITETO, KREATIVNOSTJO IN ORIGINALNOSTJO. CROSS KOLEKCIJE ZDRU\u017dUJEJO VRSTO KLASI\u010cNIH IN SODOBNIH OBLIK PISAL \u2013 OD LIMITIRANIH [&hellip;]","og_url":"https:\/\/my-bracelet.com\/2023\/product\/cross-peerless-125-medalist-fp\/","og_site_name":"My Bracelet","twitter_card":"summary_large_image","twitter_misc":{"Est. reading time":"1 minuta"},"schema":{"@context":"https:\/\/schema.org","@graph":[{"@type":"WebPage","@id":"https:\/\/my-bracelet.com\/2023\/product\/cross-peerless-125-medalist-fp\/","url":"https:\/\/my-bracelet.com\/2023\/product\/cross-peerless-125-medalist-fp\/","name":"CROSS PEERLESS 125 MEDALIST FP - My Bracelet","isPartOf":{"@id":"https:\/\/my-bracelet.com\/2023\/#website"},"datePublished":"2022-12-16T11:42:38+00:00","dateModified":"2022-12-16T11:42:38+00:00","breadcrumb":{"@id":"https:\/\/my-bracelet.com\/2023\/product\/cross-peerless-125-medalist-fp\/#breadcrumb"},"inLanguage":"sl-SI","potentialAction":[{"@type":"ReadAction","target":["https:\/\/my-bracelet.com\/2023\/product\/cross-peerless-125-medalist-fp\/"]}]},{"@type":"BreadcrumbList","@id":"https:\/\/my-bracelet.com\/2023\/product\/cross-peerless-125-medalist-fp\/#breadcrumb","itemListElement":[{"@type":"ListItem","position":1,"name":"Home","item":"https:\/\/my-bracelet.com\/2023\/"},{"@type":"ListItem","position":2,"name":"Shop","item":"https:\/\/my-bracelet.com\/2023\/shop\/"},{"@type":"ListItem","position":3,"name":"CROSS PEERLESS 125 MEDALIST FP"}]},{"@type":"WebSite","@id":"https:\/\/my-bracelet.com\/2023\/#website","url":"https:\/\/my-bracelet.com\/2023\/","name":"My Bracelet","description":"Bracelets by Loboda","potentialAction":[{"@type":"SearchAction","target":{"@type":"EntryPoint","urlTemplate":"https:\/\/my-bracelet.com\/2023\/?s={search_term_string}"},"query-input":"required name=search_term_string"}],"inLanguage":"sl-SI"}]}},"_links":{"self":[{"href":"https:\/\/my-bracelet.com\/2023\/wp-json\/wp\/v2\/product\/618","targetHints":{"allow":["GET"]}}],"collection":[{"href":"https:\/\/my-bracelet.com\/2023\/wp-json\/wp\/v2\/product"}],"about":[{"href":"https:\/\/my-bracelet.com\/2023\/wp-json\/wp\/v2\/types\/product"}],"wp:attachment":[{"href":"https:\/\/my-bracelet.com\/2023\/wp-json\/wp\/v2\/media?parent=618"}],"wp:term":[{"taxonomy":"product_cat","embeddable":true,"href":"https:\/\/my-bracelet.com\/2023\/wp-json\/wp\/v2\/product_cat?post=618"},{"taxonomy":"product_tag","embeddable":true,"href":"https:\/\/my-bracelet.com\/2023\/wp-json\/wp\/v2\/product_tag?post=618"}],"curies":[{"name":"wp","href":"https:\/\/api.w.org\/{rel}","templated":true}]}}